{"id":56,"date":"2017-01-11T16:29:41","date_gmt":"2017-01-11T15:29:41","guid":{"rendered":"http:\/\/ny.hcnorn.dk\/?page_id=56"},"modified":"2026-01-14T18:48:42","modified_gmt":"2026-01-14T17:48:42","slug":"galleri","status":"publish","type":"page","link":"https:\/\/hcnorn.dk\/","title":{"rendered":"Velkommen"},"content":{"rendered":"\n<p>HC Norn T\u00f8mrer- og Snedkerforretning er bosiddende i Over Jerstal ved Vojens i S\u00f8nderjylland. Vi arbejder over hele landet dog mest i Syd og S\u00f8nderjylland. HC Norn udf\u00f8rer alle former for t\u00f8mrer- og snedkerarbejde. Fra st\u00f8rre renoveringsopgaver og nybyggeri til mindre vedligeholdelse og istands\u00e6ttelse. Vi st\u00e5r gerne for koordineringen af arbejdet med.<\/p>\n\n\n\n<p><\/p>\n","protected":false},"excerpt":{"rendered":"<p>HC Norn T\u00f8mrer- og Snedkerforretning er bosiddende i Over Jerstal ved Vojens i S\u00f8nderjylland. Vi arbejder over hele landet dog mest i Syd og S\u00f8nderjylland. HC Norn udf\u00f8rer alle former for t\u00f8mrer- og snedkerarbejde. Fra st\u00f8rre renoveringsopgaver og nybyggeri til mindre vedligeholdelse og istands\u00e6ttelse. Vi st\u00e5r gerne for koordineringen af arbejdet med.<\/p>\n","protected":false},"author":2,"featured_media":0,"parent":0,"menu_order":0,"comment_status":"closed","ping_status":"closed","template":"","meta":{"footnotes":""},"class_list":["post-56","page","type-page","status-publish","hentry"],"_links":{"self":[{"href":"https:\/\/hcnorn.dk\/index.php?rest_route=\/wp\/v2\/pages\/56","targetHints":{"allow":["GET"]}}],"collection":[{"href":"https:\/\/hcnorn.dk\/index.php?rest_route=\/wp\/v2\/pages"}],"about":[{"href":"https:\/\/hcnorn.dk\/index.php?rest_route=\/wp\/v2\/types\/page"}],"author":[{"embeddable":true,"href":"https:\/\/hcnorn.dk\/index.php?rest_route=\/wp\/v2\/users\/2"}],"replies":[{"embeddable":true,"href":"https:\/\/hcnorn.dk\/index.php?rest_route=%2Fwp%2Fv2%2Fcomments&post=56"}],"version-history":[{"count":8,"href":"https:\/\/hcnorn.dk\/index.php?rest_route=\/wp\/v2\/pages\/56\/revisions"}],"predecessor-version":[{"id":185,"href":"https:\/\/hcnorn.dk\/index.php?rest_route=\/wp\/v2\/pages\/56\/revisions\/185"}],"wp:attachment":[{"href":"https:\/\/hcnorn.dk\/index.php?rest_route=%2Fwp%2Fv2%2Fmedia&parent=56"}],"curies":[{"name":"wp","href":"https:\/\/api.w.org\/{rel}","templated":true}]}}